[INFO] cloning repository https://github.com/NikVolf/pwasm-crypto
[INFO] running `Command { std: "git" "-c" "credential.helper=" "-c" "credential.helper=/workspace/cargo-home/bin/git-credential-null" "clone" "--bare" "https://github.com/NikVolf/pwasm-crypto" "/workspace/cache/git-repos/https%3A%2F%2Fgithub.com%2FNikVolf%2Fpwasm-crypto", kill_on_drop: false }`
[INFO] [stderr] Cloning into bare repository '/workspace/cache/git-repos/https%3A%2F%2Fgithub.com%2FNikVolf%2Fpwasm-crypto'...
[INFO] running `Command { std: "git" "rev-parse" "HEAD", kill_on_drop: false }`
[INFO] [stdout] 496659822618c88d1d8bb1e73befa2fefd004dfe
[INFO] checking NikVolf/pwasm-crypto against master#9610dfe5a9a731ced1ea4923ecbd0c57fe367898 for beta-170-4
[INFO] running `Command { std: "git" "clone" "/workspace/cache/git-repos/https%3A%2F%2Fgithub.com%2FNikVolf%2Fpwasm-crypto" "/workspace/builds/worker-6-tc1/source", kill_on_drop: false }`
[INFO] [stderr] Cloning into '/workspace/builds/worker-6-tc1/source'...
[INFO] [stderr] done.
[INFO] validating manifest of git repo https://github.com/NikVolf/pwasm-crypto on toolchain 9610dfe5a9a731ced1ea4923ecbd0c57fe367898
[INFO] running `Command { std: CARGO_HOME="/workspace/cargo-home" RUSTUP_HOME="/workspace/rustup-home" "/workspace/cargo-home/bin/cargo" "+9610dfe5a9a731ced1ea4923ecbd0c57fe367898" "metadata" "--manifest-path" "Cargo.toml" "--no-deps", kill_on_drop: false }`
[INFO] removed /workspace/builds/worker-6-tc1/source/.cargo/config
[INFO] started tweaking git repo https://github.com/NikVolf/pwasm-crypto
[INFO] finished tweaking git repo https://github.com/NikVolf/pwasm-crypto
[INFO] tweaked toml for git repo https://github.com/NikVolf/pwasm-crypto written to /workspace/builds/worker-6-tc1/source/Cargo.toml
[INFO] crate git repo https://github.com/NikVolf/pwasm-crypto already has a lockfile, it will not be regenerated
[INFO] running `Command { std: CARGO_HOME="/workspace/cargo-home" RUSTUP_HOME="/workspace/rustup-home" "/workspace/cargo-home/bin/cargo" "+9610dfe5a9a731ced1ea4923ecbd0c57fe367898" "fetch" "--manifest-path" "Cargo.toml", kill_on_drop: false }`
[INFO] [stderr]     Updating crates.io index
[INFO] [stderr]  Downloading crates ...
[INFO] [stderr]   Downloaded pwasm-alloc v0.4.0
[INFO] [stderr]   Downloaded pwasm-libc v0.2.0
[INFO] [stderr]   Downloaded parity-hash v1.1.0
[INFO] [stderr]   Downloaded tiny-keccak v1.4.0
[INFO] [stderr]   Downloaded bigint v4.3.0
[INFO] [stderr]   Downloaded wee_alloc v0.4.0
[INFO] [stderr]   Downloaded pwasm-std v0.8.0
[INFO] running `Command { std: "docker" "create" "-v" "/var/lib/crater-agent-workspace/builds/worker-6-tc1/target:/opt/rustwide/target:rw,Z" "-v" "/var/lib/crater-agent-workspace/builds/worker-6-tc1/source:/opt/rustwide/workdir:ro,Z" "-v" "/var/lib/crater-agent-workspace/cargo-home:/opt/rustwide/cargo-home:ro,Z" "-v" "/var/lib/crater-agent-workspace/rustup-home:/opt/rustwide/rustup-home:ro,Z" "-e" "SOURCE_DIR=/opt/rustwide/workdir" "-e" "CARGO_TARGET_DIR=/opt/rustwide/target" "-e" "CARGO_HOME=/opt/rustwide/cargo-home" "-e" "RUSTUP_HOME=/opt/rustwide/rustup-home" "-w" "/opt/rustwide/workdir" "-m" "1610612736" "--user" "0:0" "--network" "none" "ghcr.io/rust-lang/crates-build-env/linux@sha256:19e73879b68f455e41552ea35293514db52ea292d993f571636dbffedb77a1ee" "/opt/rustwide/cargo-home/bin/cargo" "+9610dfe5a9a731ced1ea4923ecbd0c57fe367898" "metadata" "--no-deps" "--format-version=1", kill_on_drop: false }`
[INFO] [stdout] bf628cb92ae992f15dd9b99643089af682356e0c4af19c9b61a09659a09fb709
[INFO] running `Command { std: "docker" "start" "-a" "bf628cb92ae992f15dd9b99643089af682356e0c4af19c9b61a09659a09fb709", kill_on_drop: false }`
[INFO] running `Command { std: "docker" "inspect" "bf628cb92ae992f15dd9b99643089af682356e0c4af19c9b61a09659a09fb709", kill_on_drop: false }`
[INFO] running `Command { std: "docker" "rm" "-f" "bf628cb92ae992f15dd9b99643089af682356e0c4af19c9b61a09659a09fb709", kill_on_drop: false }`
[INFO] [stdout] bf628cb92ae992f15dd9b99643089af682356e0c4af19c9b61a09659a09fb709
[INFO] running `Command { std: "docker" "create" "-v" "/var/lib/crater-agent-workspace/builds/worker-6-tc1/target:/opt/rustwide/target:rw,Z" "-v" "/var/lib/crater-agent-workspace/builds/worker-6-tc1/source:/opt/rustwide/workdir:ro,Z" "-v" "/var/lib/crater-agent-workspace/cargo-home:/opt/rustwide/cargo-home:ro,Z" "-v" "/var/lib/crater-agent-workspace/rustup-home:/opt/rustwide/rustup-home:ro,Z" "-e" "SOURCE_DIR=/opt/rustwide/workdir" "-e" "CARGO_TARGET_DIR=/opt/rustwide/target" "-e" "CARGO_INCREMENTAL=0" "-e" "RUST_BACKTRACE=full" "-e" "RUSTFLAGS=--cap-lints=forbid" "-e" "RUSTDOCFLAGS=--cap-lints=forbid" "-e" "CARGO_HOME=/opt/rustwide/cargo-home" "-e" "RUSTUP_HOME=/opt/rustwide/rustup-home" "-w" "/opt/rustwide/workdir" "-m" "1610612736" "--user" "0:0" "--network" "none" "ghcr.io/rust-lang/crates-build-env/linux@sha256:19e73879b68f455e41552ea35293514db52ea292d993f571636dbffedb77a1ee" "/opt/rustwide/cargo-home/bin/cargo" "+9610dfe5a9a731ced1ea4923ecbd0c57fe367898" "check" "--frozen" "--all" "--all-targets" "--message-format=json", kill_on_drop: false }`
[INFO] [stdout] 8b4e92fbbe05bbd9e770ec5d0bcfef46ff6b390e1af3d5c5e150176b9fce2b13
[INFO] running `Command { std: "docker" "start" "-a" "8b4e92fbbe05bbd9e770ec5d0bcfef46ff6b390e1af3d5c5e150176b9fce2b13", kill_on_drop: false }`
[INFO] [stderr]    Compiling crunchy v0.1.6
[INFO] [stderr]     Checking cfg-if v0.1.3
[INFO] [stderr]     Checking void v1.0.2
[INFO] [stderr]    Compiling bigint v4.3.0
[INFO] [stderr]    Compiling wee_alloc v0.4.0
[INFO] [stderr]     Checking libc v0.2.40
[INFO] [stderr]     Checking byteorder v1.2.3
[INFO] [stderr]     Checking memory_units v0.4.0
[INFO] [stderr]     Checking rustc-hex v1.0.0
[INFO] [stderr]     Checking rlibc v1.0.0
[INFO] [stderr]     Checking unreachable v1.0.0
[INFO] [stderr]     Checking tiny-keccak v1.4.0
[INFO] [stderr]     Checking pwasm-libc v0.2.0
[INFO] [stderr]     Checking pwasm-crypto v0.1.0 (/opt/rustwide/workdir)
[INFO] [stdout] error[E0432]: unresolved import `core::alloc::AllocErr`
[INFO] [stdout]  --> /opt/rustwide/cargo-home/registry/src/index.crates.io-6f17d22bba15001f/wee_alloc-0.4.0/src/size_classes.rs:3:5
[INFO] [stdout]   |
[INFO] [stdout] 3 | use core::alloc::AllocErr;
[INFO] [stdout]   |     ^^^^^^^^^^^^^--------
[INFO] [stdout]   |     |            |
[INFO] [stdout]   |     |            help: a similar name exists in the module: `AllocError`
[INFO] [stdout]   |     no `AllocErr` in `alloc`
[INFO] [stdout] 
[INFO] [stdout] 
[INFO] [stdout] error[E0432]: unresolved imports `core::alloc::Alloc`, `core::alloc::AllocErr`, `core::alloc::Opaque`
[INFO] [stdout]    --> /opt/rustwide/cargo-home/registry/src/index.crates.io-6f17d22bba15001f/wee_alloc-0.4.0/src/lib.rs:272:19
[INFO] [stdout]     |
[INFO] [stdout] 272 | use core::alloc::{Alloc, AllocErr, GlobalAlloc, Layout, Opaque};
[INFO] [stdout]     |                   ^^^^^  ^^^^^^^^                       ^^^^^^ no `Opaque` in `alloc`
[INFO] [stdout]     |                   |      |
[INFO] [stdout]     |                   |      no `AllocErr` in `alloc`
[INFO] [stdout]     |                   |      help: a similar name exists in the module: `AllocError`
[INFO] [stdout]     |                   no `Alloc` in `alloc`
[INFO] [stdout] 
[INFO] [stdout] 
[INFO] [stdout] error[E0432]: unresolved imports `core::alloc::AllocErr`, `core::alloc::Opaque`
[INFO] [stdout]  --> /opt/rustwide/cargo-home/registry/src/index.crates.io-6f17d22bba15001f/wee_alloc-0.4.0/src/imp_unix.rs:2:19
[INFO] [stdout]   |
[INFO] [stdout] 2 | use core::alloc::{AllocErr, Opaque};
[INFO] [stdout]   |                   ^^^^^^^^  ^^^^^^ no `Opaque` in `alloc`
[INFO] [stdout]   |                   |
[INFO] [stdout]   |                   no `AllocErr` in `alloc`
[INFO] [stdout]   |                   help: a similar name exists in the module: `AllocError`
[INFO] [stdout]   |
[INFO] [stdout]   = help: consider importing this unresolved item instead:
[INFO] [stdout]           AllocErr
[INFO] [stdout]   = help: consider importing this unresolved item instead:
[INFO] [stdout]           Opaque
[INFO] [stdout] 
[INFO] [stdout] 
[INFO] [stdout] error: aborting due to 3 previous errors
[INFO] [stdout] 
[INFO] [stdout] 
[INFO] [stdout] For more information about this error, try `rustc --explain E0432`.
[INFO] [stdout] 
[INFO] [stderr] error: could not compile `wee_alloc` (lib) due to 4 previous errors
[INFO] [stderr] warning: build failed, waiting for other jobs to finish...
[INFO] running `Command { std: "docker" "inspect" "8b4e92fbbe05bbd9e770ec5d0bcfef46ff6b390e1af3d5c5e150176b9fce2b13", kill_on_drop: false }`
[INFO] running `Command { std: "docker" "rm" "-f" "8b4e92fbbe05bbd9e770ec5d0bcfef46ff6b390e1af3d5c5e150176b9fce2b13", kill_on_drop: false }`
[INFO] [stdout] 8b4e92fbbe05bbd9e770ec5d0bcfef46ff6b390e1af3d5c5e150176b9fce2b13
